ulate the highest common factor of 7 and h.
7
Let z be 60 - (2 + 1/1). Suppose -4*l + 15 = -z. What is the highest common divisor of l and 6?
6
Suppose -26*b = -29*b + 9. Calculate the greatest common factor of b and 5.
1
Suppose 3*x + x + 36 = 0. Let a = 11 + x. Suppose -a*o + 41 = -49. What is the highest common divisor of o and 9?
9
Let h = 17 + -4. Calculate the greatest common factor of 26 and h.
13
Let x be (-42)/28*(-8)/(-6). Let q be (15/x)/(4/(-24)). What is the greatest common factor of q and 18?
9
Suppose -n = n - 6. Suppose 4*r - 84 = -o - 0*o, n*r + 2*o = 68. What is the greatest common factor of r and 140?
20
Suppose 3*l - 80 = -l. Calculate the greatest common factor of l and 160.
20
Suppose 4*q = -c - 3 - 2, -q = -2*c + 8. Suppose c*i - 91 = 17. Calculate the greatest common divisor of i and 12.
12
Let g be (14/21)/((-4)/(-18)). Let c be (-2832)/(-30) + g/5. What is the greatest common factor of 38 and c?
19
Let t(k) = k**2 - 4*k - 2. Let f be t(6). Let h = -1 - -11. What is the highest common factor of h and f?
10
Let g = -6 - -2. Let w = g - -3. Let v be (-26)/6*(w + -2). What is the highest common factor of 26 and v?
13
Let j be (2/4)/((-5)/40). Let t be j/4 + (-16)/(-2). What is the highest common factor of t and 7?
7
Let i = -12 - -20. Let x be ((-8)/10)/(i/(-500)). Calculate the greatest common factor of x and 10.
10
Let c be 3 + -2 - 11/(-1). Let j = -4 - -10. Let g be (-1)/(-3) - (-790)/j. Calculate the greatest common factor of c and g.
12
Suppose 0*i = 2*i + 2. Let l be i/3*0 - -5. Suppose -p + 15 = v - 26, -l*p - 200 = -4*v. Calculate the highest common factor of 15 and v.
15
Suppose -5*b - 4*l = -506, 2*l - 4*l = b - 106. Let k = b - 56. Calculate the greatest common factor of k and 6.
6
Suppose 0*q = -4*q + 4. Suppose -14 - q = -3*b. Let c = 131 - 86. Calculate the greatest common factor of b and c.
5
Suppose 3*m + 4 = -2*n + n, 5*n = -5*m. Suppose -n*c + 176 = -0*c. Suppose -2*y = y - h - 29, 4*y - 7 = -5*h. Calculate the highest common divisor of c and y.
8
Suppose 7*l = 12 + 16. What is the highest common factor of l and 44?
4
Let m(y) = -y + 13. Let r be m(7). Let l be (-1 - (-8)/r)*3. Calculate the greatest common divisor of 8 and l.
1
Suppose 318 = 4*y + 18. Suppose -4*n + 61 = 3*d - y, 4*n = 4*d - 144. Calculate the highest common divisor of d and 8.
8
Let d(j) = j**3 + 2*j**2 + 5*j - 5. Let s be d(2). What is the highest common divisor of s and 14?
7
Let d = 52 + -26. Suppose -8*m + d = -6*m. Let r(q) = -7*q - 2. Let c be r(-4). Calculate the highest common divisor of m and c.
13
Suppose -270 = -6*r + 3*r. Suppose 4*d + 56 = 4*k, 5*k - 76 - 18 = -d. Calculate the greatest common divisor of r and k.
18
Suppose -4*g - v + 7 = 0, -2*g - 6*v + v - 1 = 0. Suppose 0*a = -g*a - 3*y + 15, -5*y = -5. Calculate the greatest common factor of 2 and a.
2
Suppose -m = -k - 4, 5*m - 4*k = -2*k + 17. Suppose -2*f - f + 28 = -5*n, 12 = m*f + 3*n. Calculate the greatest common factor of 48 and f.
6
Let v = 58 - 42. What is the greatest common divisor of v and 160?
16
Let v be (3 - -102)/((-2)/(-2)). Let r(s) = s**2 + 6*s + 2. Let i be r(-7). Let h = 6 + i. What is the highest common divisor of v and h?
15
Suppose 3*b - 3 - 21 = 0. Suppose 3*m - b = -m. Let r be 1/((m - 3)/(-165)). Calculate the highest common divisor of r and 15.
15
Let u be 4*(-3)/(30/(-25)). Calculate the greatest common divisor of 70 and u.
10
Let i be 59 - (1 - (0 + 2)). Let s(g) = -g**3 - 10*g**2 - 13*g - 24. Let d be s(-9). What is the greatest common divisor of i and d?
12
Suppose -4*o + 7 = -13. Calculate the greatest common divisor of o and 55.
5
Let n = -28 + 46. Let z be n/(-63) - (-142)/7. Let p(r) = -r**3 - 7*r**2 + 8. Let m be p(-7). Calculate the highest common divisor of m and z.
4
Suppose 0 = 2*d - 0*m - m + 1, -3 = m. Let g = d - -30. What is the greatest common divisor of g and 42?
14
Let x = 104 - 35. What is the highest common factor of x and 92?
23
Let s = -14 + 7. Let v be 1*-1*(s + 4). Suppose 2*z - 4*p + 28 = v*z, -z - 2*p + 26 = 0. What is the greatest common factor of z and 8?
8
Suppose -m + 13 - 3 = 0. Suppose -4*b + 2*u + 101 = -u, -u = -1. Let x = b + 64. What is the greatest common divisor of m and x?
10
Suppose -2*n + 11 - 3 = 0, 2*b = -4*n + 44. Suppose 0*v - 117 = -2*s - 5*v, 5*v = s - 51. What is the highest common divisor of b and s?
14
Let r(d) = -d**3 - 4*d**2 - 3*d. Let h be r(-3). Suppose -3*a + h*a = 0. Suppose 4*t - 62 + 20 = g, -g - 2 = a. What is the greatest common factor of t and 20?
10
Let h = 80 + -2. What is the greatest common factor of h and 13?
13
Let i = 9 - 5. Let h(g) = -1 + 4 + g**3 + 2*g - g**2 + 1 - i*g**2. Let w be h(5). Calculate the highest common divisor of 7 and w.
7
Suppose 11 = -5*q + 4*a - 39, 3*q + 5*a = 7. Let r be 107 - (q/(-3) - -1). What is the highest common divisor of 26 and r?
26
Suppose -5*i + 8 = -2. Suppose -i*j + 17 + 3 = 0. Let f = 13 + -8. What is the greatest common divisor of f and j?
5
Let u be 0 - -1 - (-2 + 43). Let l be u/(-6)*(-75)/(-10). Let q = l + -36. What is the greatest common factor of 28 and q?
14
Let f = 20 + -33. Let o = f + 28. Let n be (-5)/(-3)*21*3. What is the highest common factor of n and o?
15
Let c be (-38)/4*(3 + -5). What is the highest common divisor of 19 and c?
19
Let r = 56 + -38. Calculate the greatest common divisor of 18 and r.
18
Let g(x) = 7*x. Suppose 0*c - 2*c + 4 = 0. Suppose c*u - 9 = -3. Let y be g(u). Calculate the greatest common divisor of 147 and y.
21
Suppose f = 2*f. Let d(v) = -v**2 + 66. Let p be d(f). What is the greatest common factor of 6 and p?
6
Let b be 2/((-273)/279 + 1). Let n = b - 9. Calculate the greatest common divisor of n and 14.
14
Suppose -u + 3*u + 16 = 0. Let h = u - -13. Let x be ((-6)/3 + h)*8. What is the greatest common divisor of 36 and x?
12
Let h = -4 + -9. Let k be (-1042)/h - 2/13. Calculate the greatest common divisor of k and 10.
10
Suppose 5*d + 0*d - 2*x = 128, -4*d + 108 = -3*x. Suppose -7*n + 5*l = -3*n - 41, 3*n = -3*l + d. What is the greatest common factor of 27 and n?
9
Let o(m) = 2*m + 2. Let y be o(11). Let c(z) = -z**2 - 3*z + 3. Let w be c(-3). What is the greatest common divisor of w and y?
3
Suppose 2*u + 1 = 27. Calculate the greatest common divisor of 13 and u.
13
Let b = 0 - -3. Suppose -b*a + q = -67, -40 = -2*a - q + 3. Calculate the greatest common factor of a and 88.
22
Suppose -t + 198 = t. Let f(d) = -d. Let k(c) = 4*c + 1. Let n(x) = 6*f(x) + k(x). Let z be n(-5). What is the highest common factor of t and z?
11
Suppose 4*b = -g + 90, -b + 0*g = -g - 20. Suppose 61 = x - 5*i, 0*x + 2*i = -5*x + 332. What is the highest common factor of x and b?
22
Let x = -3 - -5. Let d be (-1)/x + (-5)/(-10). Let t be -1 + d - (-31 + 0). What is the highest common divisor of 20 and t?
10
Suppose -6*w = -2*w + 5*s - 33, 4*w = 5*s + 23. Suppose -4*j = 4*a - 16, -a - 16 = -w*j + 3*j. What is the highest common factor of 12 and j?
4
Let j = 33 + -31. Calculate the greatest common factor of j and 18.
2
Suppose -k + 2*r = 4*k - 56, 12 = -4*r. What is the highest common divisor of 2 and k?
2
Let x = -35 - -39. Calculate the greatest common divisor of 44 and x.
4
Let z(j) = 2*j + 5. Let g be z(-4). Let a = -7 - g. Let x be (-26)/4*(-6 - a). What is the greatest common divisor of 52 and x?
13
Let l be 1*4/8*46. Calculate the greatest common divisor of l and 92.
23
Let s(v) = -2*v - 6. Let w be s(-13). Calculate the highest common factor of w and 20.
20
Let t = -48 + 71. Calculate the highest common factor of t and 23.
23
Suppose -4*v + 440 = -5*p, -7*v + 2*v - 4*p + 550 = 0. What is the highest common divisor of 22 and v?
22
Suppose 19*c + 0*c - 3762 = 0. Calculate the greatest common factor of c and 132.
66
Suppose 0 = -5*g + 10*g - 95. What is the highest common factor of g and 19?
19
Let n(k) = 252*k - 1. Let w be n(1). Let r = w + -171. Let d = 27 + -17. Calculate the highest common factor of r and d.
10
Let q = 15 - 18. Let f be 3 - q/12*0. What is the highest common divisor of 6 and f?
3
Let p = 18 + -25. Let k(a) = a**2 - 2*a - 8. Let f be k(p). Suppose -9*r = -5*r - 88. What is the greatest common divisor of r and f?
11
Let c be (-1)/((-27)/(-15) + -2). Let g(z) = z**2 - 4*z + 6. Let h be g